 -2*l - 4*g = 2. Let c be l/3 + (-1)/3. Suppose 0 = -4*m - 3*y + 16, m + c = y - 3. What is the units digit of m?
1
Let o(s) = -416*s + 11. What is the hundreds digit of o(-1)?
4
Suppose 4*s + 7 = 3*j + 39, 17 = s - 3*j. Let w = 3 + -2. Let i = s - w. What is the units digit of i?
4
Let k = 234 - 167. What is the units digit of k?
7
Let i(y) = 3*y**2 + 3*y - 1. What is the tens digit of i(2)?
1
Suppose -2 - 4 = -h. Let f = h - 4. What is the units digit of f?
2
Suppose -2*n - 3*n + 29 = h, 5*h - 53 = -2*n. What is the units digit of (-2)/h - 20/(-9)?
2
Let b(s) = s. Let h be b(9). Let z = h + 19. What is the tens digit of z?
2
Suppose -b - 6 = -0. Let y = b - -17. What is the tens digit of y?
1
Suppose 5*h + 7*p - 3*p = 300, 3*p = -4*h + 240. Suppose -5*a = -u - 0*u - h, -2*a + 24 = -5*u. What is the units digit of a?
2
Suppose 135 = -2*g + 7*g. Let t = 38 - g. What is the tens digit of t?
1
Let f be (7/(-3))/((-6)/54). What is the units digit of -1 + (f - (-3 - -3))?
0
Let v = 3 - 0. Suppose -c + 12 = v*c. Suppose 13 = 4*x - c. What is the units digit of x?
4
Suppose 2*t - t - 8 = 4*k, -5*t - 4*k + 40 = 0. Suppose -v + 13 = -t. What is the tens digit of v?
2
Let w(r) = 22*r**2 + r - 2. Let c be w(-2). What is the units digit of (2/(-6))/((-7)/c)?
4
Suppose 4*x = 2*a + x - 70, -3*x + 12 = 0. What is the units digit of a?
1
Suppose -n = -2*y + 86, 2*y = 7*n - 2*n + 70. What is the tens digit of y?
4
Let f(y) = -8*y**2 + 2*y + 2. Let d be f(-3). What is the tens digit of 1/3 + d/(-6)?
1
Let w = 3 - 9. Let c = -5 - w. What is the units digit of c?
1
Suppose 0 = 3*o - 14 + 2. Let c(i) = i**3 - 3*i**2 + i - 4. What is the units digit of c(o)?
6
Let t be (2/4)/(10/(-200)). What is the units digit of t/((-1 - -3)/(-1))?
5
Suppose -f - 5 = -w, 2*f - 6*f + 30 = w. Suppose 0 = 4*c - w - 74. What is the tens digit of c?
2
Suppose -5*h + 34 = 3*y, -4*y + 1 = -11. Suppose -h*q + q + 28 = 4*x, -16 = -3*x + 2*q. What is the units digit of x?
6
Let a be ((-4)/(-3)*3)/(-1). Suppose 5*n - 95 = -30. Let f = n + a. What is the units digit of f?
9
Suppose p = -3*w + 190, 2*w + 3*p - 93 - 36 = 0. What is the units digit of w?
3
Let n = -1 + 4. Suppose 2*l = n*h + 32, -h + 33 = 3*l - 4. What is the units digit of l?
3
Let s(x) = 2*x**2 - 6*x - 3. What is the tens digit of s(-4)?
5
Let g(r) = -r + 7. Let w = 31 + -22. Let o be g(w). What is the tens digit of o/4 - (-108)/8?
1
Suppose 9*n - 76 = 5*n. What is the units digit of n?
9
Let x = 83 - 36. Let g = 7 + -2. Suppose 23 = g*c + 2*u - x, -3*c - 4*u + 56 = 0. What is the tens digit of c?
1
Suppose -p + 8*p = 777. What is the hundreds digit of p?
1
Let f(j) be the second derivative of -j**4/12 + j**3/6 + j**2 - j. Let h be f(4). Let x = h - -16. What is the units digit of x?
6
Suppose -4*d = 4*k - 116, -8 = -0*d - 4*d. What is the units digit of k?
7
Let o(j) = 2*j**2 + j. Suppose a + 4*u = -0*a, 4*a = u. Suppose a = -2*p + p + 1. What is the units digit of o(p)?
3
Suppose l = m - 120, 3*m = 5*l + 402 - 38. What is the units digit of m?
8
Let k(m) = 2*m**2 + 5*m - 14. What is the units digit of k(-7)?
9
Suppose 4 = -r + 2*y - 2, -5*y = 4*r - 28. Let c(f) = 4*f - 1. Let q be c(1). Suppose -q*k + 59 = 4*o, -7*k + r*k = -25. What is the units digit of o?
1
Let c be 4/1 + 0/1. Suppose -4*o + 111 = -5*m, 4*m = -c*o + 2*m + 90. What is the tens digit of o?
2
Let z = 47 - -52. What is the units digit of z?
9
What is the units digit of (8/10)/(2/75)?
0
Let i(j) = -j**2 + 3*j + 4. Let p be i(8). What is the tens digit of (-28)/6*p/14?
1
Let m(i) = -5*i**3 - 2*i**2 + 6*i + 8. Let c(w) = -11*w**3 - 5*w**2 + 13*w + 17. Let t(h) = 4*c(h) - 9*m(h). What is the units digit of t(4)?
0
Suppose 2*m + 3*b - 11 - 5 = 0, -3*b = -m + 8. What is the units digit of m?
8
Suppose -3*o + 91 = y, -295 + 801 = 5*y - 2*o. What is the units digit of y?
0
Let h = 20 - 6. What is the tens digit of h?
1
Let c = 28 - 1. Suppose -m + 5 = 0, -2*w - 5*m = -2*m - c. What is the units digit of w?
6
Let h(u) = 3*u - 5. Suppose 0 - 8 = -2*r + 4*f, f - 7 = -r. What is the tens digit of h(r)?
1
Let n = 94 + -11. Suppose 4*d + 3*m = 3 - n, 0 = -3*d + 3*m - 60. What is the units digit of 3*-2*d/15?
8
Suppose 2*s = y + 18 - 19, 3*y - s = 8. What is the units digit of y?
3
Suppose 0 = 3*u - 238 - 701. What is the tens digit of u?
1
Let r = -17 + 195. What is the tens digit of r?
7
Let d be 3*1 + 1/(-1). What is the tens digit of 0 + ((-66)/(-3))/d?
1
Let a be 5/10 - 1/2. Suppose a = 5*k - 17 - 18. Let z = -2 + k. What is the units digit of z?
5
Suppose 1540 = 8*m + 2*m. What is the hundreds digit of m?
1
Let t(c) = 5*c - 2. Let s be t(-2). Let d = s + 18. Let h = 18 - d. What is the units digit of h?
2
Suppose 0 = -2*d - 1 - 7. Let y = d - -12. What is the units digit of y?
8
Suppose -4*r + 3*r - 3 = 0. What is the units digit of (r - -7)/((-2)/(-4))?
8
Let h = -123 + 172. What is the tens digit of h?
4
Suppose 0 = o - 86 - 109. What is the units digit of o?
5
What is the units digit of 7/42 + 310/12?
6
Suppose 5*a - 2*a = 4*i + 22, -28 = -2*a - 4*i. What is the units digit of a?
0
Suppose g = -1 + 5. What is the units digit of 1/g + (-215)/(-20)?
1
Let d(p) = -14*p - 7. Let q be d(-6). Suppose 5*a = -0*j - 4*j - 88, 0 = 4*a + j + q. What is the units digit of a/3*(-30)/25?
8
Let h = -59 - -172. What is the tens digit of h?
1
Let s(g) = g**2 - 2*g - 5. What is the tens digit of s(-6)?
4
Suppose 0 = -47*q + 49*q - 742. What is the units digit of q?
1
Let r(q) = 2*q**3 + q**2 - q + 6. What is the units digit of r(3)?
6
Suppose 0 = 4*q - 8, 5*l - 4*q - 47 = 440. What is the tens digit of l?
9
What is the units digit of 8*(4/2)/1?
6
Suppose h = 2*x - 7, 3*h + 0 = -2*x + 27. Let p(z) = -4*z - 2*z + 3*z + 9 + 2*z. What is the units digit of p(x)?
3
Suppose -4*d + 0*p - 5*p + 522 = 0, -5*d + 636 = -2*p. What is the hundreds digit of d?
1
Let c be 92/22 + (-8)/44. Let t = -3 + c. What is the units digit of t?
1
Suppose -3*p = -2*p - 1. What is the units digit of -3 - -1 - (-51 + p)?
8
Let i = 198 + -628. What is the units digit of 15/(-20) + i/(-8)?
3
Let s = 5 + -3. Let m = 15 - s. What is the units digit of m?
3
Let v be 48/(-14) - 12/(-28). Let c(j) be the first derivative of j**3/3 + 2*j + 1. What is the units digit of c(v)?
1
What is the units digit of ((-24)/30)/(2/(-15))?
6
Let s(a) = a + 16. Let i be s(-9). Let d(g) = g**3 - 7*g**2 + 2. Let l be d(i). Suppose 3*x = l*t, -3*t + 9 = x - 2. What is the units digit of t?
3
Let u = 8 + -8. Suppose 2*t + u = 6. What is the units digit of t?
3
Let z(y) = 7*y**2 + 2*y - 7. What is the tens digit of z(-3)?
5
Suppose 8*i + 4*l + 14 = 3*i, 0 = 5*i - 2*l + 8. What is the units digit of (i - -3)*1*15?
5
Let w = 6 - 4. Suppose -5*d = -w - 13. Suppose v = -d*v + 24. What is the units digit of v?
6
Let m(v) = v**2 + 4*v. Let i be m(-3). Let u = i - 1. Let n = -3 - u. What is the units digit of n?
1
Let m(w) = -3*w + 1. Let z = 3 - 4. Let q be m(z). What is the tens digit of (q/3)/((-2)/(-21))?
1
Let d = 15 + -13. What is the units digit of 15/2 + 1/d?
8
Suppose 4*n + 2*j + 63 = 5*n, j - 63 = -n. What is the tens digit of n?
6
Let j(c) = -c + 1. Let x be j(1). Suppose 3*a + a - 8 = x. What is the units digit of 1 + 7 - (-1 + a)?
7
Let k be (324/(-8))/((-2)/4). Let j = k - 39. What is the units digit of j?
2
Let i be (0 - 1) + 4 + -19. Let y = -8 - i. Let r = y - -1. What is the units digit of r?
9
Suppose -4*s - 596 = -2*q + s, -q + s = -295. What is the units digit of q?
3
Let z(g) = g**3 - 5*g**2 + 2*g + 6. Suppose 0 = -i + 2*o + 12, -2*i = -3*o - 17 - 4. What is the tens digit of z(i)?
5
Let y(u) = 17*u - 55. What is the tens digit of y(21)?
0
Let q(p) = p**2 + 1. Let a(o) = -15*o**2 + o - 4. Let g(n) = -a(n) - 3*q(n). Let v be g(2). Suppose 5*i - v = 3. What is the units digit of i?
0
Let s be ((-4)/(-6))/(2/3). Let o = s + 12. Let x = -6 + o. What is the units digit of x?
7
Suppose -2*n + 0*n + 117 = -3*q, -2*n = 4*q - 96. What is the units digit of n?
4
Let m(n) = -20*n - 4. What is the tens digit of m(-9)?
7
Let p(k) = -k**2 - 7*k - 4. Suppose 1 = -2*u - 15. Let w be p(u). What is the units digit of 2*-2*3/w?
1
Let t(o) = -o + 1. Let g be t(-5). Let q = g - 4. Suppose -3*j = -0*j - 9, 2*m - q*j = 18. What is the units